e second derivative of m(v). What is q(5)?
4
Let x(g) be the third derivative of 13*g**6/60 - g**5/60 - 5*g**4/24 + 5*g**3/6 - 128*g**2 - 4. Calculate x(1).
25
Let c(g) = -g**2 - 42*g + 514. Let y = -23856 - -23866. Calculate c(y).
-6
Let f(v) be the second derivative of -9/2*v**2 - 8*v - 2 + 1/6*v**3. Calculate f(8).
-1
Let x(y) = -y**2 - 9*y + 2. Let t be 23/46 + (-31)/2. Let b be (42/t)/((-8)/(-20)). Calculate x(b).
16
Let p(h) = 1 + 2*h**2 + 3*h + 3*h - 3*h. Let o = -5764 + 5767. Give p(o).
28
Let a be 8/7*-5 - (-6)/(-21). Let v be -2*(2/a)/((-10)/30). Let u be v*(6/4 + -5). Let m(x) = -x + 13. What is m(u)?
6
Let x(b) = -b**3 + 8*b**2 + 2*b - 12. Let w(h) = h**2 - 40*h + 47. Let o = 366 + -327. Let n be w(o). Give x(n).
4
Suppose 0 = -w - 1, s - 999 = -3*w + 4*w. Suppose 3*n + s = -2*j + 3879, 0 = -5*n - 3*j + 4802. Let y(p) = -p - 961 + n. Determine y(0).
0
Let i = 453163 + -453167. Let u(d) = -2*d - 3. Let l(g) = -4*g - 5. Let z(y) = -2*l(y) + 5*u(y). Determine z(i).
3
Suppose 6*v + 3 = 7*v. Let o(b) = -v*b - 5 + 4 - 2*b**2 + b**2 + 4. Let w(n) = -8*n**2 - 16*n + 17. Let r be w(1). Calculate o(r).
-25
Let x(w) be the third derivative of w**7/840 + w**6/360 - w**5/60 - 7*w**3/3 + 5*w**2. Let t(f) be the first derivative of x(f). What is t(-2)?
0
Let q = -3 - 0. Let c(z) = -191 + 60 + 61 + 4*z + 69. Give c(q).
-13
Let v(z) = z**2 + 4*z - 41. Suppose 154*o - 44 = 3*t + 149*o, 4*o = -5*t - 24. Calculate v(t).
-9
Let p(k) = 3*k - 13*k + 12*k**2 + 7104*k**3 + 34 - 4*k - 7105*k**3. Give p(11).
1
Let m(s) = -s - 4. Let w(k) = -k - 3. Let q be 5/3*1/(4/12). Let y(o) = q*m(o) - 4*w(o). Let d = -12 - -6. Determine y(d).
-2
Let c(b) be the third derivative of -b**6/360 + b**5/15 + b**4/24 + b**3/2 - 17*b**2. Let d(u) be the first derivative of c(u). What is d(9)?
-8
Let o(w) = w**2 - 2*w. Suppose 53 = -7*i + 11. Let h = i + 12. Suppose 8*b - h = 4*b + 2*r, -b + 3*r = 6. What is o(b)?
3
Let i(f) = -11*f**3 + f**2 - f. Suppose 645*t + 34 = 679*t. Determine i(t).
-11
Let f(s) = -50*s - 58 + 4*s**2 + 53*s + 64. Give f(-3).
33
Let l(z) = -3*z**2 - 6*z - z**2 - 4 + 5*z**2 + 6. Let b(a) = a**2 + 11*a - 9. Let v be b(-13). Let x = v - 11. Calculate l(x).
2
Let g(r) be the second derivative of -1/20*r**5 + 0*r**3 - 4*r - 11/12*r**4 - 5*r**2 + 18. Calculate g(-11).
-10
Let q(n) = -22*n + 3. Let t(m) = -16*m + 51. Let i be t(3). Calculate q(i).
-63
Let n(o) = -o**3 - 5*o**2 - 2*o - 4. Let u(g) be the second derivative of g**3/3 - 31*g**2/2 + 294*g. Let i be 2 + 11 - (1 + -1). Let h be u(i). What is n(h)?
6
Suppose -23*q - 539 = -493. Let c(b) = 64*b + 13. Let x(i) = -16*i - 3. Let k(t) = -2*c(t) - 9*x(t). Determine k(q).
-31
Let p(q) = 12*q - 84. Suppose -5*u + 276*z + 47 = 275*z, 5*z = 2*u - 28. Calculate p(u).
24
Let z(r) = r + 142. Let j be z(27). Let i(l) = -339 + 168 - 7*l + j + l**2. What is i(5)?
-12
Let b(o) be the first derivative of -o**7/840 + o**6/60 - o**4/12 - 26*o**3/3 - o**2 - 2. Let a(d) be the third derivative of b(d). Calculate a(6).
-2
Let t(j) = 528*j**3 - 183*j**3 + 12 - 158*j**3 - 186*j**3 + 11*j**2. What is t(-11)?
12
Let i(j) be the first derivative of -5*j**2 + 206*j - 1152. Calculate i(20).
6
Suppose 3*s = 2*s - 7. Let h(d) = -2*d - d - 394 + 616 - 237. What is h(s)?
6
Let w(u) = 3*u - 31806269 + 31806824 - 10*u - 7*u. Determine w(40).
-5
Let d(m) be the third derivative of m**6/120 + m**5/5 + 7*m**4/24 - 17*m**3/3 - 341*m**2 - 5*m. Determine d(-11).
10
Let g be (-1001)/91 + (-15)/(-1). Let p(b) = 2*b**2 - 8*b + 9. Calculate p(g).
9
Let b(n) = -n**3 - 7*n**2 - 7*n - 5. Let w = -418 + 423. Suppose -w*c - 20 = 5. Give b(c).
-20
Let j be 1*-15*1*(-9 + 10). Let r(d) = -d**2 - 13*d + 24. What is r(j)?
-6
Let a(q) be the first derivative of -q**3/3 - 3*q**2 - 2*q - 5. Suppose 10*n + 661 = 591. Calculate a(n).
-9
Let w(l) = -l**2 + 5*l + 7. Suppose -3*t + 5*c = 7, -3*t = -15*c + 13 + 44. Calculate w(t).
1
Let v(m) = m**3 + 2*m**2 - 1. Let j(n) = 3*n**3 - n**2 + 10*n - 9. Let z(a) = -j(a) + 4*v(a). Let y be z(-10). Let k(l) = 4 - 8 + l - 5. Determine k(y).
-4
Suppose -2*d + 10 = -n, d + 3*n - 40 = -3*d. Let q(s) be the first derivative of s**4/4 - 7*s**3/3 + 5*s - 106. Give q(d).
5
Let y be (1 - 132) + (-12 - -1 - -9). Let f = y + 126. Let c(g) = g**2 + 7*g - 3. Give c(f).
-3
Let o(j) = -2*j**3 + 6*j**2 + 10*j - 5. Let b be o(4). Suppose b*g - 4*m - 20 = 32, -g = 3*m. Let w(z) = z**3 - 12*z**2 + 1. Give w(g).
1
Let c(t) be the first derivative of t**5/60 + t**4/8 - t**3/2 - 4*t**2 + 18. Let n(s) be the second derivative of c(s). What is n(-6)?
15
Let o(u) = -10*u - 2. Let c(f) = 8*f + 1. Suppose 71*a - 76*a - 10 = 0. Let r(v) = a*o(v) - 3*c(v). Give r(1).
-3
Let g(p) = p**2 + 14*p + 3. Suppose 67*z + 1344 = 272. Calculate g(z).
35
Let s(n) = 11*n**2 - 2*n - 1. Let h = 179 - 155. Suppose 0 = -25*v + h*v - 1. What is s(v)?
12
Let u(l) = -l**3 + 7*l**2 + 7*l - 22. Let j(m) = -m**3 + 6*m**2 + 7*m - 18. Let o(i) = 7*j(i) - 6*u(i). Give o(-4).
42
Let q(t) = 4*t**2 + 23*t + 132. Let d(w) = 17*w**2 + 88*w + 527. Let b(a) = -2*d(a) + 9*q(a). Let j(z) be the first derivative of b(z). Give j(-9).
-5
Let c(j) = -11*j - 150*j**2 + 151*j**2 - 4*j - 4 - 12. Determine c(11).
-60
Let m(g) be the third derivative of g**4/24 + g**3/3 - g**2 - 177*g + 1. Let k = -18 - -26. Calculate m(k).
10
Let y = 59 + -55. Suppose -4*s = 2*k + y, 4*k + 5*s + 1 + 1 = 0. Suppose k*v + 0 = 16. Let j(g) = g - 11. Determine j(v).
-3
Let o(n) = n**2 - n + 2. Suppose -3 = -12*r - 3. Suppose c = -5*d - r*c - 1, 3*d - 2*c = 2. Give o(d).
2
Let d(w) be the third derivative of -w**7/5040 + w**6/360 - w**5/60 - 65*w**4/12 - 20*w**2 + 1. Let k(g) be the third derivative of d(g). Give k(-5).
7
Suppose -4*l + 30 = -3*n, 0*n - 13 = -l - 2*n. Let a(i) be the second derivative of -i**4/12 + 3*i**3/2 + 1429*i. Give a(l).
0
Let y(v) be the first derivative of -v**3/6 + 7*v**2/2 + 238*v - 70. Let l(g) be the first derivative of y(g). Determine l(-3).
10
Let p(g) = -6*g - 144. Let f be p(-25). Let q(i) be the second derivative of i**4/12 - 7*i**3/6 - 3*i**2 + 11*i + 3. What is q(f)?
-12
Let k(o) be the second derivative of o**3/6 - 4*o**2 - 88416*o. Let c(x) = -x**3 + x**2 + x - 1. Let s be c(1). Calculate k(s).
-8
Let w(n) = -27*n**2 + 61*n - 1. Let b be w(2). Let d(u) = 9*u - 113. Give d(b).
4
Let s(d) = 7*d - 366. Let n(l) = -2*l**3 - 5*l**2 + 52*l - 25. Let t be n(-7). Give s(t).
-2
Let a(i) = i**2 + 2*i + 3. Suppose 0 = 9*h - 1001 - 421. Let x be (-1)/(-3) - (h/(-3) + 5). Suppose 0 = q - x + 51. What is a(q)?
6
Suppose -5*f + 17 = 3*w, 3*f - w - 8 = -5*w. Let m(d) = d**2 - 8*d + 12. Let y be m(f). Let q be (-1)/y*4*-2. Let o(j) = -j**2 - 4*j - 2. Calculate o(q).
2
Let o(r) = -2 + r - 3 + r**2 - 47*r + 36*r. Calculate o(8).
-21
Let z = 2 - 1. Let w(x) be the second derivative of -2*x**3 - x**2/2 - 8*x + 16. Give w(z).
-13
Suppose -3*r + 34 = -5*y + 10, 15 = 4*r - y. Suppose 0 = -r*u - o + 4*o, -2*u + o = -3. Let z(p) = 3*p**2 - 2*p. Determine z(u).
21
Let c(q) be the second derivative of q**3/6 - q**2/2 - 12*q. Let t(x) = -8*x. Suppose -7*w + 7 = -28. Let z(j) = w*c(j) + t(j). Give z(4).
-17
Let f(q) be the third derivative of q**5/60 + 13*q**4/12 + 175*q**3/6 + 123*q**2 - q. What is f(-14)?
7
Let x = -2268 - -2273. Let q(g) = -3*g**2 + 16*g - 7. Determine q(x).
-2
Let a(p) = 3*p**2 + 119*p - 1322. Let t be a(9). Let i(j) = -j**3 - 9*j**2 + j - 22. Calculate i(t).
-94
Let z be (2 - -6)/(3/1 - 2). Let p(n) = n**3 + 7 + 10*n - 8*n**2 + 6*n**3 + 1 - z*n**3. Suppose -17*b = -22*b - 45. Give p(b).
-1
Let d(h) = -h**2 + 13*h - 14. Suppose -342 - 397 + 34 = -141*j. What is d(j)?
26
Let q(r) = -13*r - 29. Suppose -40*n = -46*n - 32 - 10. Determine q(n).
62
Let z(k) = 5*k**2 - 26*k. Let s = 5 + 2. Suppose j = l - 4*j + 10, -l + 4*j = s. Give z(l).
-5
Let g = 78315 - 78318. Let i(t) = 3 - t**3 + 3 + 4*t - 2*t**2 - 3. Calculate i(g).
0
Let p(h) = 101*h - 567*h**3 + 3*h**2 + 287*h**3 + 1 - 102*h + 281*h**3 - 5. Determine p(-3).
-1
Let p(n) = -4*n**2 + 15*n - 8. Suppose 0 = -y + 3, 3*q = -2*y - 20 + 35. What is p(q)?
1
Suppose -57*a = 1045 - 1159. Let r(u) = -144*u + 291. Give r(a).
3
Let q = -20613 + 20613. Let k(o) be the third derivative of q + 0*o - 1/6*o**4 + 7/6*o**3 + 40*o**2. What is k(6)?
-